e
Is 40 a factor of 501981758?
False
Is 202600560 a multiple of 115?
True
Does 1005 divide 398138512?
False
Is 16300949 a multiple of 7?
True
Is 1320545826 a multiple of 2582?
True
Is 33 a factor of 7393095?
False
Is 8 a factor of 13383203?
False
Is 28235177 a multiple of 20?
False
Is 45 a factor of 2372013958?
False
Is 13 a factor of 941377?
False
Does 727 divide 2464057450?
True
Is 19 a factor of 50562157?
False
Is 2302310237 a multiple of 5143?
True
Is 207 a factor of 220770675?
True
Does 6 divide 23186819?
False
Is 160101732 a multiple of 372?
True
Does 910 divide 418300764?
False
Is 299 a factor of 349754054?
True
Is 754188583 a multiple of 1136?
False
Is 54 a factor of 2175914736?
False
Does 22 divide 594220?
True
Is 68910770 a multiple of 14?
False
Is 382635804 a multiple of 1572?
True
Is 56894007 a multiple of 8?
False
Is 98026935 a multiple of 3?
True
Does 15 divide 8991615?
True
Is 43909623 a multiple of 193?
True
Does 1968 divide 10716900?
False
Is 177435480 a multiple of 1923?
False
Does 542 divide 92825088?
True
Does 1572 divide 39995222?
False
Is 2587251 a multiple of 2?
False
Does 4 divide 1852787061?
False
Is 21 a factor of 274631823?
False
Is 18833986 a multiple of 55?
False
Is 2419 a factor of 69190657?
True
Does 90 divide 8393040?
True
Is 21 a factor of 1120894?
False
Does 260 divide 3004300?
True
Is 12196945 a multiple of 2?
False
Is 494 a factor of 6173518?
True
Is 3 a factor of 46673835?
True
Does 1005 divide 22152210?
True
Does 461 divide 3873855791?
False
Is 71398236 a multiple of 42?
True
Is 12659508 a multiple of 12?
True
Is 71517609 a multiple of 139?
False
Does 6 divide 1553491?
False
Is 36222282 a multiple of 265?
False
Is 33879562 a multiple of 463?
True
Is 132223833 a multiple of 182?
False
Is 418 a factor of 4003016?
False
Is 321 a factor of 876475734?
True
Is 905881611 a multiple of 10?
False
Does 314 divide 310900192?
True
Is 9182 a factor of 828647954?
True
Is 2842 a factor of 87426740?
False
Is 5008 a factor of 483351902?
False
Does 4 divide 26566294?
False
Is 24895057 a multiple of 53?
False
Is 629 a factor of 78980414?
False
Is 315 a factor of 1936499040?
True
Is 124 a factor of 188796092?
False
Is 4776200 a multiple of 520?
True
Is 10031 a factor of 931047379?
False
Is 256 a factor of 846731264?
True
Does 895 divide 80360260?
True
Is 827 a factor of 977121266?
False
Does 32 divide 17683685?
False
Is 7653872 a multiple of 8?
True
Is 110089112 a multiple of 83?
False
Is 361 a factor of 1496021144?
False
Is 1450 a factor of 43081050?
False
Is 245 a factor of 77356382?
False
Does 189 divide 65028725?
False
Is 55 a factor of 78972868?
False
Is 986637190 a multiple of 2035?
True
Is 487193098 a multiple of 3857?
True
Is 414528 a multiple of 128?
False
Is 2429 a factor of 29247589?
True
Is 40 a factor of 316146962?
False
Does 29 divide 16740279?
True
Is 6431364985 a multiple of 132?
False
Is 16974330 a multiple of 51?
True
Is 75 a factor of 24369883?
False
Is 469648376 a multiple of 8?
True
Is 144033008 a multiple of 112?
True
Does 26 divide 3767504?
True
Is 3974 a factor of 356432034?
True
Is 724858993 a multiple of 12?
False
Is 2965743867 a multiple of 93?
True
Is 309025525 a multiple of 638?
False
Is 6656 a factor of 2579965440?
True
Does 1059 divide 99736620?
True
Does 17 divide 485274695?
False
Is 950775515 a multiple of 157?
True
Is 3427 a factor of 995565982?
False
Does 23 divide 343077372?
False
Is 1486961 a multiple of 786?
False
Does 11 divide 711457989?
True
Does 107 divide 54696046?
True
Does 499 divide 40549239?
True
Is 496 a factor of 12927744?
True
Does 429 divide 368515827?
False
Does 3 divide 17959870?
False
Does 93 divide 17454422?
False
Is 45250875 a multiple of 69?
False
Does 90 divide 753446219?
False
Is 103 a factor of 46535707?
False
Does 5 divide 77746150?
True
Is 701187017 a multiple of 17?
False
Is 3 a factor of 16974426?
True
Is 60144341 a multiple of 2910?
False
Is 6 a factor of 27259137?
False
Is 2849899561 a multiple of 47?
False
Is 290664 even?
True
Is 47 a factor of 13208337?
False
Is 15 a factor of 448726080?
True
Is 1913517047 a multiple of 21?
False
Is 203919541 a multiple of 2681?
True
Is 25127724 a multiple of 106?
True
Does 123 divide 7789098?
True
Does 2584 divide 90253952?
True
Is 110214306 a multiple of 10?
False
Is 356176020 a multiple of 41?
True
Is 275 a factor of 5623200?
True
Does 1271 divide 56210525?
False
Is 197731550 a multiple of 55?
False
Is 16 a factor of 116285777?
False
Is 1067251164 a multiple of 14?
True
Is 90526255 a multiple of 13?
False
Does 43 divide 248036699?
False
Does 125 divide 456859500?
True
Is 19659899 a multiple of 7?
True
Is 52 a factor of 15070068?
True
Is 937 a factor of 3963510?
True
Is 2 a factor of 10184034?
True
Is 74774449 a multiple of 391?
True
Is 16 a factor of 1521036?
False
Is 45997380 a multiple of 20?
True
Does 13 divide 44814406?
True
Is 104 a factor of 26998816?
True
Is 219240246 a multiple of 7?
False
Is 37772831 a multiple of 1440?
False
Is 124 a factor of 891425236?
False
Is 10 a factor of 43178541?
False
Is 52 a factor of 693578830?
False
Is 53640400 a multiple of 88?
True
Is 62 a factor of 120433946?
True
Is 8623689 a multiple of 81?
False
Is 75 a factor of 19250813?
False
Is 1659151970 a multiple of 10?
True
Does 6 divide 40260593?
False
Is 741 a factor of 1200905586?
False
Is 2 a factor of 11887188?
True
Does 61 divide 3517016?
True
Is 1304530977 a multiple of 784?
False
Is 13352 a factor of 507118111?
False
Does 52 divide 10423415?
False
Is 296 a factor of 4733491696?
True
Does 250 divide 489182000?
True
Is 13 a factor of 34203717?
False
Does 2993 divide 219368942?
True
Is 4530185862 a multiple of 2103?
True
Is 128 a factor of 203686?
False
Is 10604802 a multiple of 39?
True
Is 57 a factor of 57146894?
False
Is 94 a factor of 130336922?
True
Is 197541028 a multiple of 7?
False
Is 117 a factor of 1761261021?
True
Does 2354 divide 485237082?
True
Does 23 divide 718600530?
False
Does 938 divide 391420834?
True
Does 4106 divide 1378272476?
False
Is 168 a factor of 10819986?
False
Does 10950 divide 1758438600?
True
Does 3 divide 1234850898?
True
Does 5 divide 71308507?
False
Is 49 a factor of 68575219?
False
Is 10 a factor of 104856850?
True
Is 139805063 a multiple of 1540?
False
Does 103 divide 11822485?
False
Is 36176141 a multiple of 15?
False
Is 379742050 a multiple of 13?
False
Does 11 divide 1061010158?
False
Does 65 divide 1417943150?
True
Is 10 a factor of 19050676?
False
Does 3 divide 29082541?
False
Is 54 a factor of 172271232?
True
Is 90726576 a multiple of 18?
False
Is 3185565227 a multiple of 189?
False
Is 866896614 a multiple of 9?
True
Is 5731 a factor of 488487769?
False
Does 2 divide 499519?
False
Does 17 divide 221244732?
True
Is 36 a factor of 74761704?
True
Is 903307111 a multiple of 17?
False
Does 100 divide 211200?
True
Is 25479242 a multiple of 739?
True
Does 810 divide 29334817?
False
Does 2131 divide 601474750?
True
Does 756 divide 65449123?
False
Is 499 a factor of 105903857?
False
Is 2438 a factor of 977190837?
False
Is 283529145 a multiple of 141?
True
Is 4 a factor of 2072856623?
False
Is 64549317 a multiple of 7?
True
Is 129 a factor of 5217707?
False
Is 280330236 a multiple of 2454?
True
Is 2877514961 a multiple of 1217?
True
Is 9 a factor of 1611502184?
False
Is 700054320 a multiple of 2982?
True
Is 22 a factor of 62822452?
True
Is 185084625 a multiple of 33?
True
Is 87719437 a multiple of 13?
True
Is 2896 a factor of 506828960?
True
Does 177 divide 16996836?
False
Is 4977579 a multiple of 683?
False
Is 18 a factor of 452298305?
False
Does 2332 divide 3489702744?
True
Is 64990337 a multiple of 3100?
False
Is 713 a factor of 5037328?
False
Is 48514918 a multiple of 82?
False
Is 15 a factor of 615082140?
True
Is 10154524 a multiple of 2?
True
Is 6 a factor of 64350468?
True
Does 9023 divide 914199612?
False
Is 819425120 a multiple of 3232?
True
Does 64 divide 14800896?
True
Does 1779 divide 303994295?
False
Is 9 a factor of 281583036?
True
Does 423 divide 166101525?
True
Does 174 divide 33970991?
False
Does 3414 divide 218956890?
True
Is 1368444624 a multiple of 12?
True
Is 99 a factor of 9088695?
True
Is 21 a factor of 166036584?
True
Is 2 a factor of 116205233?
False
Is 46669920 a multipl